4/(-4)?
1
Suppose 2*g + 5*k - 41209 = 0, -3*g + 9*k + 61816 = 14*k. What is the ten thousands digit of g?
2
Suppose -3*f - s + 113316 = 0, 0*f - 2*f + 2*s + 75536 = 0. What is the hundreds digit of f?
7
Let w be (1*-1 - 3)*(-12 + 11). Suppose f - 459 = w*f. Let b = 241 + f. What is the units digit of b?
8
Let q(j) = 127*j + 578. Let a be q(-4). Suppose 5*p - 48 = 2. Let m = a + p. What is the units digit of m?
0
Suppose -5*z + 4*f + 7282 = 0, f - 4 + 2 = 0. Suppose 2*m = -i + z, 3*m = -2*i + i + 1462. What is the tens digit of i?
5
Let r(u) = 2*u**3 - 12*u**2 - 7*u + 47. Let x be r(6). Suppose 2*p - 4*g - 1152 = 0, -1761 = -3*p + x*g - 10*g. What is the hundreds digit of p?
5
Let s(k) = 81*k - 10. Let h be s(3). Let z = h - -332. What is the hundreds digit of z?
5
Suppose 0 = -127*m + 132*m. Suppose 4*d - 29 - 779 = m. Let z = -144 + d. What is the units digit of z?
8
Let y(b) = b**2 - 97*b + 1223. What is the hundreds digit of y(87)?
3
Suppose 4 = -3*n + 2*n. Let i(z) = -31*z**2 - 6*z + 1. Let a be i(n). What is the units digit of 3/(-6) - a/6?
8
Suppose -4*d - 2*g - 3042 = -2*d, 5*d + 2*g = -7602. Let m = d + 2225. What is the tens digit of m?
0
Let c(v) = -3*v + 63. Let k be c(21). Suppose 5*f - 433 + 153 = k. What is the units digit of f?
6
Suppose 40596 = 2*o + 4*h, 5*o + 19*h - 16*h = 101504. What is the tens digit of o?
0
Let h(s) = 9*s**2 + 20*s + 18. Let y be h(6). Suppose 2*x = 770 + y. What is the hundreds digit of x?
6
Let l(z) = z**3 + 7*z - 313*z**2 + 327*z**2 + 12*z - 6. What is the hundreds digit of l(-7)?
2
Suppose x = -s + 483, 5*s - 3787 = x - 1366. Let y = 219 + s. What is the hundreds digit of y?
7
Let o(a) = a**2 + 4*a + 2. Let v be o(-5). Suppose -2*g = -v*g + 10. Suppose -9 = -3*d - 3*x, -6 + 15 = g*d + 5*x. What is the units digit of d?
2
Suppose -5*y = -126 - 644. Let u = 18 - 51. What is the units digit of y/u*(-3)/2?
7
Suppose -21*w = -15482 - 877. What is the units digit of w?
9
Let q(z) = 4*z**2 + 107*z + 837. What is the hundreds digit of q(-72)?
8
Let q = -379 - -12965. What is the tens digit of q?
8
Let i(h) = 3*h - 1. Let w(g) = -1041*g**2 - 8*g + 5. Let l(b) = -3*i(b) - w(b). What is the thousands digit of l(-1)?
1
Suppose -5*g = 2*j - 0*g - 19641, 5*g = j - 9858. What is the thousands digit of j?
9
Suppose 4*n - 2*w - 42 = 12, -2*n + 37 = -3*w. Let s be n/55 - (-2)/(-10). What is the units digit of s + (-2)/(-14) - 916/(-7)?
1
Suppose 5*l - 18 = -3. Suppose 3*a = 0, m + a = -l*a + 1105. Suppose 2*j + 5*r = 2*r + 442, m = 5*j - 3*r. What is the hundreds digit of j?
2
Suppose 53904 = 5*u + 4*f - 2*f, 2*u - 21570 = 2*f. What is the units digit of u?
2
Let b be (25 - (-8 + 4)) + 2. Let a be (-6)/(-14) - b/(-21)*-3. Let l = a + 39. What is the units digit of l?
5
Let o(l) be the first derivative of 2/3*l**3 + 21/2*l**2 + 32*l + 19. What is the tens digit of o(-13)?
9
Let v = 97 - 25. Suppose 0 = 32*l - 38*l + v. What is the units digit of l?
2
Let d(a) = -a**3 + 7*a**2 - 2*a - 20. Let g be d(6). Suppose 0 = g*t - 132 - 12. What is the units digit of t?
6
Let u = -2717 - -4984. Let g = u + -1604. What is the units digit of g?
3
Let f be 0 + (2 - 2) + -38. What is the units digit of (-285)/f*(-4)/6 + 89?
4
Let u = 21348 - 6127. What is the hundreds digit of u?
2
Let n(m) = -2*m**3 + 2*m**2 + 13*m - 2. Let z(y) = -5*y**3 + 5*y**2 + 27*y - 5. Suppose 1 = t + 8. Let s(i) = t*n(i) + 3*z(i). What is the tens digit of s(-5)?
9
What is the tens digit of (-3)/(-6)*293618/23?
8
Let q(i) = 63*i + 1. Let o(x) = 3*x - 8*x - 37*x - 1. Let w(k) = 7*o(k) + 5*q(k). What is the tens digit of w(4)?
8
Let g be (8 + 194560/5)*1. What is the tens digit of (-12)/(-5)*-2*g/(-417)?
4
Suppose -4015 = -3012*o + 3007*o. What is the hundreds digit of o?
8
Let b be (-2)/(144/1144) - 1/9. Let v = -5 - -12. Let k = v - b. What is the tens digit of k?
2
Let t(f) be the third derivative of 7*f**4/3 + f**3 + 2*f**2. Suppose -874*l = -882*l + 16. What is the units digit of t(l)?
8
Let h(q) = 55*q**2 - 40*q + 2. Suppose 2593*s = 2595*s - 8. What is the hundreds digit of h(s)?
7
Let r(b) = -b + 18. Let u(p) = p**2 + 10*p + 8. Let w be u(-10). Let h be r(w). Let y = h - -45. What is the tens digit of y?
5
Suppose 0 = 69*v + 43*v - 1032416. What is the units digit of v?
8
Let a(q) = 79*q**2 + 24*q + 267. What is the units digit of a(-13)?
6
Suppose 2*j + 73 = -3*c + 85, j = c - 9. Let l(a) = -a. Let h(y) = -51*y + 3. Let m(u) = h(u) + 2*l(u). What is the tens digit of m(j)?
6
Let j(p) = 9058*p + 759. What is the hundreds digit of j(3)?
9
Let n = -25328 - -28206. What is the hundreds digit of n?
8
Suppose -6*s - 3*m - 46 = -s, 0 = 3*s - 4*m + 16. Let l = s + 144. Suppose u + k + 2*k - 66 = 0, -4*k = 2*u - l. What is the units digit of u?
2
Suppose 596 = -7*i + 484. Let v(h) = -5*h**2 - 23*h - 1. Let f(a) = a**2 + 1. Let m(u) = 4*f(u) + v(u). What is the units digit of m(i)?
5
Let b be (-1)/5 + 17/((-595)/(-182)). Let h(m) = -m**3 + 4*m**2 + 10*m - 22. Let s be h(b). What is the units digit of (2/(-6))/(5/(-15))*s?
3
What is the hundreds digit of (350 - 332) + (-30806)/(-2)?
4
Let n(w) = -115*w**3 - w**2 + 4*w + 23. What is the thousands digit of n(-5)?
4
Let c(f) = 257*f + 207. Let y be c(5). What is the tens digit of 108/18*y/6?
9
Let s = -3977 + 12295. What is the tens digit of s?
1
Let h be -5*(-2)/5*1. What is the tens digit of (-64365)/(-168) + h/(-16)?
8
Let o(t) = -1 - 2*t + 14*t - 27 - 17. Suppose 8*x = -15*x + 368. What is the units digit of o(x)?
7
Suppose 3*k = -3*k + 42. Suppose 0 = y - k. Let f(w) = 9*w + 4. What is the units digit of f(y)?
7
Suppose 207*b - 271*b = -4835328. What is the thousands digit of b?
5
Let s = 161 + -77. Let w be 2/8 + s/48. Suppose -5 = 2*d + 5, d - 315 = -w*q. What is the units digit of q?
0
What is the thousands digit of ((-52)/(-650)*-280)/(16468/5490 - 3)?
1
Let d = 161405 + -112277. What is the units digit of 6/10 + d/120?
0
What is the thousands digit of 252/(-90)*5 + 24046?
4
Suppose -4*o - 2*d = -190, -5*d + 113 = 4*o - 62. Suppose -4*r + 522 = 2*t, 0 = 2*t - r - 572 + o. What is the units digit of t?
1
Suppose u + 4*u = -2*h - 21, -u + 3 = 4*h. Suppose 71 = -h*l + 3*l. Let n = l + 5. What is the units digit of n?
6
Let k(r) = r**3 - 20*r**2 + 80*r + 43. Let b be k(29). Suppose -14*c = -c - b. What is the tens digit of c?
6
Let d = 6273 - -39406. What is the ten thousands digit of d?
4
Let a = -56659 + 81350. What is the tens digit of a?
9
Let f(y) = 16*y - 6. Let b be f(-5). Suppose 5*z = 4*g + 524, -4*g - 2*z = -3*g + 131. Let s = b - g. What is the units digit of s?
5
Let m(y) = -81*y + 1. Suppose 0 = 5*d - 5, -7 = 2*x + x - d. Let j be x + 4*5/20. What is the units digit of m(j)?
2
Let w = 58 - 49. Suppose -5*b - 5*t + 7 + 48 = 0, 0 = -5*b - 2*t + 40. Suppose -b = y - w. What is the units digit of y?
3
Let z = 56 + -51. Let j be (6/(-1))/(-6*z/(-15)). What is the hundreds digit of j*-11*(-1 + (-39)/(-9))?
1
Let z = -762 - -10354. What is the units digit of z?
2
What is the units digit of -13 + -5 + (68762 - 18)?
6
Let t = -58252 - -101948. What is the thousands digit of t?
3
Let d(m) = 87*m**2 + 6*m**3 - 27*m + 4 + 87*m**2 - 169*m**2. What is the units digit of d(4)?
0
Suppose -x + 8483 = -14*p + 9*p, -4*x - 2*p + 34042 = 0. What is the units digit of x?
8
Let d(s) = s**3 - 3*s**2 + 2*s - 363. Let p(b) = -b**2 + b - 1. Let n(g) = -d(g) + 3*p(g). What is the units digit of n(0)?
0
What is the units digit of (-400)/15*597/(-4)?
0
Let q be 14/(240/(-7695) - (-4)/(-54)). Suppose 2*h + x = 490, 0*x = h - x - 239. Let b = q + h. What is the tens digit of b?
1
Let c(g) = -701*g - 4075. What is the hundreds digit of c(-14)?
7
Suppose -10*q = -2*q + 3024. Let k = -218 - q. What is the hundreds digit of k?
1
Let w(f) = -f**2 - 8*f - 13. Let i be w(-6). Let a(t) = -631*t + 4. Let z be a(i). Suppose 7*p = 2*p + 2*j + z, -3*j + 402 = 3*p. What is the tens digit of p?
2
Suppose 5*f = 14 + 1, -c + f - 3385 = 0. Let m = -1766 - c. What is the tens digit of (-3)/(-15) + m/20?
8
Suppose -2*s = 4*o + 4, 0 = 3*s - 5*o + 6*o - 4. Suppose -4*a + 1176 = -4*l, -a - s*l = -l - 294. What is the units digit of a?
4
Let b = 66 - 48. Suppose b - 207 = -3*u. What is the units digit of u?
3
Let r = -81 + 165. Let n = 42 + -30. S